umber?
True
Let h = 18 + -16. Let o be 165/35 - h/(-7). Suppose 0 = -8*a + o*a + 639. Is a a prime number?
False
Is (-4 + (-26)/(-6))*8028/12 composite?
False
Suppose -5*h = -2*h. Is (1 - -958) + h/(-4) prime?
False
Let v(h) = -340*h + 35. Is v(-29) a composite number?
True
Suppose -4*t = c + 2*c - 19, -c + t + 4 = 0. Suppose -6024 = -7*m - c*m. Is m a composite number?
True
Let z(b) = 4*b - 33. Let c be z(9). Suppose -8*a - 1670 = -4*y - 6*a, -1254 = -c*y + a. Is y prime?
True
Let z(o) = 236*o**2 - 20*o + 103. Is z(4) composite?
True
Let p be 0*3/(-3) + (3126 - -1). Suppose -1039 = -j - x - 0*x, 3*j - p = 2*x. Is j prime?
False
Suppose -3*u + 110839 = 2*j, -5*j + 4*u + 277107 = 2*u. Is j composite?
True
Suppose -4*q - 4230 = 12650. Let k = q - -9309. Is k prime?
False
Suppose -3*n = -n + 2*j - 1636, 4*j = 5*n - 4063. Is n prime?
False
Let r(v) = 197*v**2 + 7*v + 16. Let w(z) = 66*z**2 + 2*z + 5. Let s(f) = 4*r(f) - 11*w(f). Is s(7) a composite number?
False
Let v = 1864 + 8259. Is v composite?
True
Let n(x) be the first derivative of -x**4/4 + x**3 + 3*x**2/2 - 6*x + 8. Is n(-11) composite?
True
Let m be 0 - 5/((-20)/12). Suppose -f + m*u = 2*f - 9, -u = 0. Is 681 + -4*f/(-6) a prime number?
True
Let p be ((57/9)/(-1))/((-1)/(-48)). Let b = p + 2295. Is b composite?
True
Suppose 0 = 12*w - 11*w + 3, 3*k - 3*w - 3252 = 0. Is k prime?
False
Let f = -13 - -15. Suppose 0 = 2*n + f*n - 4*i - 372, 3*n = -2*i + 299. Is n prime?
True
Suppose 14*d - 405908 = 277838. Is d a prime number?
False
Suppose -186*w + 176*w = -65210. Is w composite?
False
Suppose -48 = -5*t + 27. Let d = -11 + t. Let y = d - -3. Is y a composite number?
False
Let p(c) = -c**3 - c**2 + 5. Let r(t) = 3*t**3 + 3*t**2 - 16. Let i be (-20 - 1)*1/(-3). Let n(m) = i*p(m) + 2*r(m). Is n(-4) prime?
False
Suppose -3*m + 1668 = -2*z, -m + 552 = -4*z + 2*z. Let g(b) = -47*b**3 - b**2 + b + 7. Let f be g(-2). Suppose -f = -5*q + m. Is q a composite number?
True
Let r = 14523 - 4358. Suppose -11*y + r = -5004. Is y prime?
False
Let i(o) = -886*o - 441. Is i(-5) prime?
True
Let f(h) = h**3 + 11*h**2 - 15*h - 2. Suppose 5*t = -4*n - 6, 5*t + 4*n = n - 2. Let r be 2/(4*t/(-44)). Is f(r) prime?
True
Let r be (-8)/20 + 84/35. Let f be 270*(-2 - -1 - 1). Is (-8)/r - (f + 3) composite?
True
Let l = -34 + 10. Is (-20476)/l - (-1 + -1)/(-12) a prime number?
True
Suppose -9*k + 22*k = 34229. Is k a composite number?
False
Let p = -5726 + 10086. Suppose 5*v - 4*j - p = -2*j, 0 = -3*v + 3*j + 2616. Suppose -3*c + 7*c - v = 0. Is c a prime number?
False
Let h(s) = -s**3 + 5*s**2 - 2*s + 4. Let j be h(3). Let x be -7*j/(-28)*1. Suppose x*a - 79 = 3*a. Is a a prime number?
True
Let v(f) = -f**2 + 12*f + 13. Let p be v(13). Is (-444)/(-4) + p/2 composite?
True
Let w = -79 - -15. Let i be w/10*(6 + -1). Let k = 1 - i. Is k a prime number?
False
Suppose 3*j + 0 = 6. Suppose 0*x = -x - j. Is (0 + x)*-151 + -3 a prime number?
False
Let h = -218 - -1617. Is h prime?
True
Suppose 3*o + 921 = k + k, -462 = -k + 2*o. Suppose q = 4*t - k, 3*t = 3*q - 106 + 439. Is t composite?
True
Let u(h) = -h**3 - 3*h**2 - 35*h + 67. Is u(-18) composite?
False
Let p(w) = 3035*w**2 + 1123*w**2 + 4 + 4*w - 353*w**2. Is p(-1) a composite number?
True
Let j(d) = 6098*d + 187. Is j(8) a prime number?
False
Let n(r) = -24*r**2 + r + 27. Let z be n(6). Let v = z + 1618. Is v a composite number?
False
Let y be 2980/4 + (1 + -1)/(-3). Suppose -y = -b - 4*b. Is b composite?
False
Suppose -2*s - 3*s - 35 = 0. Let g = 10 + s. Suppose g*n + l = -l + 13, -39 = -5*n + l. Is n a prime number?
True
Suppose 2*q - 7 = 2*i - 27, 0 = -2*i + 3*q + 24. Suppose -i*j - 1685 = -11*j. Is j composite?
False
Suppose -2*k + 4*h = h - 1257, -h = -k + 627. Suppose 537 + k = 9*a. Is a a prime number?
False
Suppose 0 = 2*l - f - 166609, -4*l = -5*f - 238389 - 94838. Is l prime?
False
Let f = -4323 - -2587. Let g = -1201 - f. Is g prime?
False
Let q(f) = -f**3 + 16*f**2 - 8*f + 16. Let s be q(16). Let g = s + 857. Is g a prime number?
False
Suppose d - 3*a = -d + 5827, -3*d + 8773 = 2*a. Is d prime?
False
Suppose 4*h + 6257 = -5*q - 0*h, 2*h + 6 = 0. Is q/(-3) + (-28)/(-42) prime?
False
Let w be (-10)/(-3)*(-756)/(-35). Suppose -12*y + w = -14*y. Is y/45 - (-1068)/10 composite?
True
Let x(c) = c**3 + 9*c**2 + 9*c + 7. Let g be x(-8). Let u(n) = 172*n + 5. Let m(r) = -86*r - 2. Let d(v) = 7*m(v) + 3*u(v). Is d(g) a prime number?
False
Suppose a + 0*j = 2*j + 6639, -2*a + 13275 = -j. Is a prime?
True
Let x be (1546/(-6))/(9/(-27)). Suppose -3*w + x = 188. Let o = w - -98. Is o prime?
True
Let y be (-18)/(-8)*(5 - 1). Let t(s) = 7*s**3 - 8*s**3 + 474*s**2 - 2 + 13*s - 465*s**2. Is t(y) a composite number?
True
Let o(j) = j**2 - 2*j + 5. Let i(u) = -u + 1. Let c be i(-3). Let l be o(c). Suppose -3*y = -l - 56. Is y a composite number?
False
Let o = -121 + 124. Is (2531 + 3 - o)*1 composite?
False
Let d = 112728 - 64967. Is d a composite number?
True
Let j(f) = -f**3 - 10*f**2 + 10*f - 11. Let o be j(-11). Suppose o = -2*x - 5*m + 617, -7*m + 637 = 2*x - 6*m. Is x prime?
False
Let h(v) = 3*v**2 + 5*v + 4. Let i be h(-2). Suppose -i*c + 8*c = 3206. Is c composite?
True
Suppose 8*j - 3988 = 340. Is j a prime number?
True
Let p = 530 + -149. Is p a composite number?
True
Suppose -5*t + 6 = i, -3*t - t = -4*i - 24. Let n(q) = -23 - 4*q**2 + 22 + 2*q + 10*q**3 + t*q. Is n(5) a prime number?
False
Let g(p) = -p + 1. Let y(m) = 14*m**2 - 49*m + 49. Let j(q) = -42*g(q) + y(q). Suppose 0 = -0*u - 3*u + 12. Is j(u) prime?
False
Let x = -12485 + 17754. Is x prime?
False
Suppose 11*g = 15*g - 4316. Is g - -4*4/8 composite?
True
Let j(s) = -s**2 - 7*s + 11. Let t be j(-8). Suppose t*l = 5*l - 174. Is l a prime number?
False
Suppose -62*t + 53*t + 46323 = 0. Is t prime?
True
Suppose 0*g = 5*g + 40. Is 2/g + (-2533)/(-4) a composite number?
True
Let y be (2 - (-236)/8)*34. Suppose -5*f - y = -2*o, 3*f = -6*o + 8*o - 1073. Is o a composite number?
True
Let v(h) = 2*h**2 - 3*h + 2. Let j be v(1). Is 308 - (-4)/(-4)*j composite?
False
Let v be (-22235)/(-25) - (-6)/(-15). Let x = 382 - v. Let u = -322 - x. Is u composite?
True
Let c = -427 + 3410. Is c prime?
False
Let g(o) = 133*o - 12. Let k be g(14). Suppose 4*d - k = 7482. Is d prime?
True
Is (-6)/(96/(-60488))*2 composite?
False
Suppose 3*u - 4*o = 85259, 4*u = 2*o - 5900 + 119582. Is u prime?
False
Suppose -l = 2*l. Let z(w) = -w**3 - w**2 + 2*w + 2779. Is z(l) a composite number?
True
Let q = 2 - -10. Suppose -q = -6*o - 66. Is (-1716)/o + 5/15 composite?
False
Let i(a) = 5*a + 10*a - 14 - 40*a. Is i(-9) a prime number?
True
Suppose -4*l + 9*r = 4*r - 41499, 4*r + 31125 = 3*l. Is l composite?
True
Suppose 5*m = 2*h + 19, -3*m + 0*m - 2*h + 21 = 0. Suppose -2*s + y + 2 = 3*y, 0 = -s + m*y + 7. Suppose a + b = 86, s*a + 344 = 6*a - 5*b. Is a a prime number?
False
Suppose 2*b - 186 = 576. Suppose -b = -42*t + 39*t. Is t a composite number?
False
Let k be ((-12)/8)/((-1)/4). Let p be (k + -4)*10/4. Let c(z) = 6*z**2 - 5*z + 6. Is c(p) a prime number?
True
Is 3/((-6)/(-22298))*(0 + 1) a prime number?
True
Suppose -7*j - 2692 + 109386 = 0. Is j prime?
False
Let y be (-1704)/4*(-1 + (-4)/8). Let d = y + 410. Is d prime?
True
Let d = 4276 - 2303. Is d a composite number?
False
Is ((-22)/2)/(3/(-1329)) composite?
True
Is -2*1/10 + 346506/5 composite?
True
Let h = -7561 - -38252. Suppose -4268 = -n + 3*l + 1859, 0 = -5*n + l + h. Is n prime?
False
Suppose -12*h = -16*h - 8, 3*x - 1567 = 2*h. Is x composite?
False
Let n = 1890 + -233. Is n a prime number?
True
Suppose -23684 = 13*v - 17*v. Is v a composite number?
True
Is 12 + 1322 - (1 + 0) a composite number?
True
Suppose -y = 4, 5 = -d - 3*y - 3. Suppose -4*u + 0 = -d. Let q(j) = 133*j**2 - j + 1. Is q(u) a prime number?
False
Let h(c) = -14*c**3 + 17*c**2 + 175*c + 3. Is h(-13) prime?
False
Is ((-2)/(-4))/((-3)/(-230514)) a composite number?
True
Suppose -5*i + 6 = -3*z - 9, 5*z = -4*i + 12. Suppose u + 4*u + i*r - 4607 = 0, 2*r = -u + 927. Is u composite?
False
Let y = -62 - -42. Let x = y - -22. Suppose x*n + 18 = 38. Is n a composite number?
True
Suppose -4*h + 30445 = 51*o - 50*o, 3*h + 30431 = o. Is o composite?
True
Let m(j) = 17*j**2 + 6*j + 113. Is m(-30) prime?
True
Suppo